r of f and s.
8
Let i be (2 - -25)/((-18)/(-12)). Calculate the greatest common factor of i and 18.
18
Let n(h) = -1 + 26 - 4*h + 5*h + 0*h. Let l be n(-11). What is the greatest common divisor of 7 and l?
7
Let i = 0 - -5. Suppose -4*q = -i*s + 70, s + 2*q + q = 14. What is the greatest common factor of 70 and s?
14
Suppose -2 = -4*a + 6*a. Let t(l) = 22*l**2 + l + 1. Let h be t(a). What is the greatest common divisor of h and 2?
2
Suppose -j - 4*s + 17 = 0, 2*s + 0 + 5 = j. Let h be 2/((-2)/(-6)*3) - -43. What is the highest common factor of h and j?
9
Let s be (-63)/12*156/(-3). Calculate the highest common divisor of s and 39.
39
Let a(t) = t + 72. Let u be a(0). Suppose -75 - 5 = -10*z. What is the greatest common factor of u and z?
8
Suppose -w = -4*w. Suppose w*y + y = 37. Let f be -1 + 1 + y - 2. Calculate the greatest common divisor of f and 14.
7
Suppose -2*c - c - 28 = -j, -3*j = -2*c - 77. Let l(b) = -b**3 + b**2 + 2*b + 10. Let a be l(0). Calculate the greatest common factor of a and j.
5
Let a be (10/6)/(2/6). Let i(k) = k**3 + 13*k**2 - 19*k - 30. Let q be i(-14). Calculate the greatest common factor of a and q.
5
Let c(w) = w**3 - 3*w**2 + 4. Suppose -3*f + 10 = 1. Let y be c(f). Suppose -4 = -y*h + 64. What is the greatest common divisor of h and 17?
17
Let j(x) = -5*x + 4. Let q be j(-1). What is the greatest common divisor of 81 and q?
9
Let b be (48/(-36))/((-4)/18). Let t(i) = i**3 + 5*i**2 + 3*i - 1. Let f be t(-4). Calculate the highest common divisor of b and f.
3
Let g be (-8)/(-68) + (-15)/(-17). What is the highest common factor of g and 9?
1
Let k = 55 + -37. What is the highest common factor of k and 324?
18
Let d be -7*9*(-1 + 0). Suppose -4*q + 2*i = -61 + 5, 0 = 2*q - 3*i - 28. Suppose 0 = 5*u - 21 - q. What is the highest common factor of u and d?
7
Let q = -17 - -27. Let d be (16/6 - 4)*-3. What is the greatest common factor of d and q?
2
Let l(z) = -z**2 + 2*z. Let k be l(1). Let y be 22/((-21)/(-15) - k). What is the highest common factor of 11 and y?
11
Let i(y) be the second derivative of y**3/2 + 3*y**2/2 + 2*y. Let r be i(3). Let c = -4 + 28. What is the greatest common factor of c and r?
12
Let q be (-1)/(2/12*-1). Suppose -k + q = k. What is the greatest common divisor of k and 3?
3
Suppose 3*t - 262 = -j, 5*j - 17 - 3 = 0. Let d = t + -46. What is the highest common divisor of 20 and d?
20
Let k = 23 - 11. What is the greatest common factor of 18 and k?
6
Let b = 26 - -119. Calculate the highest common divisor of 58 and b.
29
Let q = -77 + 116. Calculate the greatest common divisor of 65 and q.
13
Suppose k = -t + 18 + 21, 5*k - 2*t - 230 = 0. What is the greatest common divisor of k and 4?
4
Let c(z) = -z**3 + 3*z**2 + 3*z + 5. Let i be c(4). Suppose 6*p + 10 - 34 = 0. What is the greatest common divisor of p and i?
1
Let r be 42/(-63) - (8/(-3) - 1). Calculate the greatest common factor of 1 and r.
1
Let m = 15 + -5. Calculate the greatest common divisor of 2 and m.
2
Suppose -h - 2 = -72. What is the highest common divisor of 14 and h?
14
Suppose 0 = -3*t + z + 30 + 116, 0 = 5*t + z - 238. Calculate the highest common divisor of 24 and t.
24
Suppose 40 = 11*f - 9*f. Let x be 135/f + 1/4. Calculate the highest common divisor of x and 14.
7
Let v = -15 - -20. Suppose -5*q = -2*d - 3*q + 14, v*d - 85 = -5*q. Calculate the greatest common divisor of d and 30.
6
Let f(g) = -g - 1. Let q be f(-3). Suppose -20 = -q*k - 2. What is the highest common factor of k and 63?
9
Let q = -17 + 35. Suppose 0 = -5*j + 94 + 41. Calculate the highest common divisor of q and j.
9
Suppose -2*k + 47 = 7. Let g = k - 2. Suppose -v - 2*v + g = 0. Calculate the highest common divisor of v and 1.
1
Let n(s) = -6*s**3 + 2*s**2 - 3*s - 2. Let u(h) = h**3 - h**2. Let r(i) = n(i) + 2*u(i). Let x be r(-2). Calculate the greatest common divisor of x and 4.
4
Suppose 43 + 17 = 3*a + 3*f, 3*a + 2*f - 55 = 0. Suppose -2*l = -4*l - 8. Let r(y) = -y + 1. Let i be r(l). Calculate the highest common divisor of i and a.
5
Suppose 2*c = -3*k + 25, -4*k = -c + 6*c - 52. What is the highest common factor of c and 4?
4
Let u be (416/2)/2 + 1. Let w = -11 - -77. Suppose -4*m = 3*b - w + 21, 4*b + 80 = 4*m. What is the greatest common divisor of m and u?
15
Let s be (-1 - (-2)/2) + 4. Let m = -65 + 129. Suppose -k = -3*k + m. What is the greatest common divisor of k and s?
4
Suppose -2*o = -0*o. Suppose 5*b + 15 - 190 = o. Suppose 8*w - 3*w = b. What is the greatest common divisor of 21 and w?
7
Let u(r) = 2*r**2 - r - 5. Let a be u(5). What is the greatest common divisor of a and 5?
5
Let q = -17 + 25. Let i = 16 - q. Let z = 93 + -21. What is the greatest common factor of z and i?
8
Suppose -4*d + 7*m - 18 = 4*m, 5*d = 5*m - 25. Let n be (-80)/(-6) - (-1)/d. What is the highest common factor of 13 and n?
13
Let x(w) = w**3 - w**2 + 8. Let l be x(0). Suppose -4*s + l = 0, -5*b + 4*s = 30 - 72. Calculate the highest common divisor of 90 and b.
10
Suppose 2*m = 2*s + 40, -3*m + 0*s = -2*s - 59. What is the greatest common factor of m and 133?
19
Let m = -32 - -64. What is the greatest common factor of m and 128?
32
Let v(k) = -174*k + 2. Let a be v(-2). Suppose 2*f - a = -3*f. Calculate the greatest common factor of 10 and f.
10
Suppose -4*g = -g - 48. Calculate the highest common divisor of g and 144.
16
Let w be (14/4)/((-9)/(-18)). Let n be ((-2 + 1)*-2)/2. What is the highest common divisor of w and n?
1
Let o(c) = c - 1. Let l be o(5). Suppose d = 6*r - r + 9, l*d = 4*r + 116. What is the greatest common factor of d and 51?
17
Let z = -19 - -21. What is the greatest common divisor of z and 1?
1
Suppose 12 - 104 = -2*y + 3*g, 2*g = 2*y - 88. Let s(b) = -2*b + 8. Let c be s(-6). What is the greatest common factor of c and y?
20
Let x be (-4)/1*(-84)/8. Let f(z) = 18*z + 15. Let l be f(5). What is the highest common factor of l and x?
21
Let u = -81 - -131. Suppose -s = -4*h + 47, 2*h + 2*h = -2*s - 34. Let n = 47 + s. Calculate the highest common factor of n and u.
10
Suppose -29 = -4*n - 9. Suppose 1 = 3*c + 4*g - 5, -4*c + 8 = -n*g. Suppose 58 = c*k - 18. What is the highest common factor of 57 and k?
19
Suppose 0 = h - 2*h + 5. Let d be 2 + (1*-556)/(-4). Suppose 2*r + 3*v - 73 = 0, 8*r - 4*r + v = d. What is the highest common divisor of r and h?
5
Suppose -2*i + 1287 = 9*i. What is the highest common factor of i and 9?
9
Let x(g) = -34*g - 4. Let o be x(-1). Let b = -107 + 182. Suppose -2*h = -h - b. Calculate the highest common factor of o and h.
15
Suppose 5*c - 20 = 0, 4*w + 4*c - 208 + 32 = 0. What is the highest common divisor of 16 and w?
8
Suppose b + 33 = 2*b. Let n(d) = -d**3 - 2*d**2 - d - 2. Let x be n(-2). Suppose -4*c = -x*c - 12. What is the greatest common divisor of c and b?
3
Let h be (-5)/(-1)*(-7 + (-264)/(-30)). Let k = 247 - 148. Calculate the highest common divisor of k and h.
9
Let n be ((-6)/(-4))/((-4)/24). Let t = n + 33. Let r(m) = -m**3 - m**2 - m + 8. Let p be r(0). Calculate the highest common factor of t and p.
8
Let t = 13 - 10. Suppose -t*j = -20 - 1. Calculate the highest common factor of 35 and j.
7
Suppose 87 - 3 = 4*h. What is the greatest common factor of h and 105?
21
Let p(x) = -x**3 + x**2 + 2*x + 1. Let g be p(2). Suppose m - 3 = -g, s - 17 = 4*m. Calculate the greatest common factor of s and 100.
25
Suppose 2*r + 4*d = 8, -6*r = -r - d - 75. What is the greatest common factor of r and 154?
14
Let j = -19 + 27. Let y(k) = k**2 - k - 10. Let p be y(j). Calculate the highest common divisor of p and 23.
23
Suppose -1 - 9 = 5*r. Let o be -1 + r/((-6)/279). Let l = o + -28. What is the greatest common factor of 8 and l?
8
Let k be (24/(-14))/(2/(-28)). Suppose -t + 2 + 1 = 0. Suppose c = -t*c + 24. Calculate the greatest common factor of k and c.
6
Let l = 9 - -21. Suppose 3*u + 4*k = -8, 0 = -3*k - 3 - 3. Let y(a) = a + 12. Let o be y(u). Calculate the greatest common factor of l and o.
6
Let m = -346 + 368. Let p be (-1*-1*2)/1. Calculate the greatest common divisor of p and m.
2
Let w(b) = -b**3 - 6*b**2 + 15*b - 3. Let f be w(-8). Calculate the highest common factor of f and 35.
5
Let z(h) = -101*h**3 + h**2 - 6*h - 6. Let y be z(-1). Calculate the greatest common factor of y and 68.
34
Let x 